 = -2*j**2 + 17*j + 8643. Calculate y(68).
551
Let i(h) = 5232*h + 408102. Determine i(-78).
6
Let u(s) = s**3 + 10*s**2 - 12*s + 194. Calculate u(-12).
50
Let a(m) = 179*m + 35316. Calculate a(-197).
53
Let b(c) = 46708*c - 46679. What is b(1)?
29
Let x(l) = -l**2 - 518*l + 2080. Determine x(4).
-8
Let l(v) = -v**3 + 23*v**2 + 705*v - 1164. Determine l(40).
-164
Let y(c) = c**2 - 23*c - 3985. Determine y(83).
995
Let v(l) = -13*l**2 + 434*l - 3051. What is v(10)?
-11
Let b(c) = -177*c + 4408. Determine b(25).
-17
Let g(j) = 995*j - 53622. Give g(54).
108
Let r(o) = 101377*o - 1723418. What is r(17)?
-9
Let t(f) = 26430*f + 388. What is t(0)?
388
Let b(h) = -5*h**2 - 250*h - 1060. Give b(-5).
65
Let j(o) = 463*o**3 + 11575*o**2 + 2*o + 484. Determine j(-25).
434
Let r(t) = -t**2 - 70319*t + 421946. What is r(6)?
-4
Let q(d) = -d**3 - 4*d**2 + 636*d + 1758. Give q(-26).
94
Let u(l) = 10*l**3 + 4*l**2 - 105*l + 195. Calculate u(2).
81
Let z(c) = -2*c**3 - 29*c**2 - 247*c - 4417. Calculate z(-19).
3525
Let p(b) = b**3 - 11*b**2 + 470*b - 4560. What is p(11)?
610
Let c(o) = 581*o - 10457. Give c(19).
582
Let h(v) = 4771*v + 768139. Calculate h(-161).
8
Let n(r) = -r**2 - 317*r - 15015. Give n(-58).
7
Let w(f) = -2*f**3 - 27*f**2 + 673*f - 194. Determine w(-26).
-792
Let r(l) = -4472*l + 49125. What is r(11)?
-67
Let a(w) = 119*w + 20407. What is a(-174)?
-299
Let a(c) = -c**3 + 378*c**2 - 29946*c + 75. Calculate a(113).
-38
Let n(h) = 3*h**2 - 20*h - 201. Determine n(-14).
667
Let v(w) = -8*w**3 + 2640*w**2 - 254*w + 83796. Give v(330).
-24
Let y(m) = 58*m**3 + m**2 - 42*m + 40. What is y(1)?
57
Let r(y) = 2*y**3 - 79*y**2 - 9318*y - 4429. Determine r(-51).
8
Let q(a) = 1059*a - 210499. Calculate q(199).
242
Let i(v) = 103*v**2 + 2917*v + 920. Calculate i(-28).
-4
Let f(q) = 68988*q + 137968. Give f(-2).
-8
Let w(b) = 4*b**3 - 323*b**2 + 560*b - 671. Give w(79).
-118
Let y(m) = -50957*m - 11822031. Determine y(-232).
-7
Let r(y) = 44240*y + 973429. Determine r(-22).
149
Let u(l) = -225133*l + 1125687. Determine u(5).
22
Let l(f) = -7036*f + 429267. Determine l(61).
71
Let y(x) = 2*x**3 - 15*x**2 - 198*x + 1048. Calculate y(5).
-67
Let j(r) = r**3 - 8*r**2 + 25142*r - 226348. Determine j(9).
11
Let y(z) = 46*z**3 - 212*z**2 - 396*z + 73. Give y(6).
1
Let l(o) = -132*o**2 + 31347*o - 14931. Calculate l(237).
0
Let r(x) = -17*x**3 + 782*x**2 - 17*x + 814. What is r(46)?
32
Let c(p) = p**3 + 70*p**2 + 787*p + 67040. Determine c(-72).
8
Let r(h) = -3882*h - 28971. What is r(-7)?
-1797
Let m(y) = 19*y**2 - 392*y - 12. Determine m(18).
-912
Let g(n) = -n**3 - 12*n**2 + 66*n + 311. Determine g(-16).
279
Let s(z) = -518*z - 12655. Determine s(-25).
295
Let c(f) = 142*f - 383. Determine c(16).
1889
Let i(h) = h**3 - 6*h**2 - 32*h - 153. Give i(11).
100
Let m(x) = 12*x**2 + 84*x - 239. Give m(-9).
-23
Let m(v) = v**3 + 80*v**2 - 197*v - 21913. Determine m(-79).
-109
Let c(h) = 896*h - 551. What is c(3)?
2137
Let u(v) = -v**3 + 14*v**2 + 41*v + 440. Determine u(-8).
1520
Let d(l) = 947*l - 874087. Give d(923).
-6
Let x(y) = y**3 + 346*y**2 + 981*y - 16612. Calculate x(-343).
-148
Let v(q) = -q**3 + 349*q**2 - 19529*q - 46. Determine v(70).
24
Let y(v) = 2*v**3 + 19*v**2 - 898*v - 8151. What is y(-9)?
12
Let n(d) = 745*d - 181. Calculate n(1).
564
Let d(w) = w**3 - 38*w**2 - 144*w + 2351. What is d(40)?
-209
Let i(y) = y**3 + 76*y**2 - 28*y - 5853. What is i(-76)?
-3725
Let g(x) = 4*x**2 + 408*x - 1347. Determine g(3).
-87
Let b(t) = -4*t**2 - 2731*t + 1088240. What is b(282)?
2
Let q(i) = 987*i + 10500. Give q(-10).
630
Let s(v) = -3*v**2 + 52*v + 437. Determine s(-7).
-74
Let a(g) = 19*g**2 - 13563*g + 80694. Determine a(6).
0
Let d(f) = f**2 + 1449*f + 490493. Calculate d(-539).
3
Let f(r) = 2023*r - 454935. What is f(225)?
240
Let a(s) = 10722*s**2 + 53601*s - 3. Determine a(-5).
42
Let o(l) = 937293*l + 12184782. What is o(-13)?
-27
Let v(f) = -944*f - 180233. Give v(-191).
71
Let k(n) = -10*n**3 + 2*n**2 - n - 10. Determine k(-5).
1295
Let z(y) = -y**3 + 26*y**2 + 23*y + 86. What is z(26)?
684
Let b(z) = -2483*z - 134076. What is b(-54)?
6
Let d(t) = 147*t**2 - 13*t + 17. Give d(2).
579
Let v(w) = -w**3 + 14*w**2 - 47*w + 1448. Give v(14).
790
Let y(b) = -b**3 - 20*b**2 - 51*b - 232. What is y(-12)?
-772
Let d(b) = -625*b + 7211. What is d(12)?
-289
Let a(k) = 2*k**2 - 72*k - 1404. Determine a(-16).
260
Let w(l) = 21*l**3 - 3318*l**2 + 213*l - 33652. What is w(158)?
2
Let k(z) = 149*z + 21379. Give k(-142).
221
Let v(s) = -s**2 - 689*s + 58606. Give v(76).
466
Let p(y) = -y**3 + 22*y**2 + 43*y - 168. Calculate p(2).
-2
Let o(j) = -454*j - 31916. Give o(-70).
-136
Let x(s) = -4*s**2 - 2664*s - 289882. Give x(-529).
10
Let n(v) = 1532*v + 148. Give n(-1).
-1384
Let x(j) = -j**2 + 17*j - 41. What is x(5)?
19
Let b(h) = -2539*h - 1353332. Give b(-533).
-45
Let z(i) = -36*i**3 + 5*i**2 + 1198*i - 2398. What is z(2)?
-270
Let l(y) = 12*y**2 + 40*y - 144. Give l(-9).
468
Let q(g) = g**2 + 105*g - 2886. Determine q(-128).
58
Let r(d) = 587*d + 2116. Give r(-4).
-232
Let c(m) = -m**2 + 5102*m - 152128. Give c(30).
32
Let w(x) = -195*x + 1491. Calculate w(13).
-1044
Let o(w) = w**3 + 33*w**2 + 539*w + 27715. Give o(-38).
13
Let j(m) = m**3 - 23*m**2 + 240*m - 6891. Give j(25).
359
Let v(u) = -2070*u - 23. What is v(0)?
-23
Let y(t) = 17*t**2 - 2459*t + 85434. Determine y(58).
0
Let o(z) = 7*z**2 + 5548*z + 27662. Determine o(-5).
97
Let a(c) = -27*c**3 + 7961*c + 7961. Determine a(-1).
27
Let h(n) = 59*n**3 + 1474*n**2 - 55*n - 749. Calculate h(-25).
1
Let z(x) = 20*x + 623. Give z(-28).
63
Let v(g) = 8251*g + 29. Calculate v(0).
29
Let c(j) = -144*j**2 - 61*j - 130. Calculate c(-2).
-584
Let y(j) = j**3 + 48*j**2 + 1878*j - 21506. Calculate y(9).
13
Let x(d) = -133344*d - 10000791. Determine x(-75).
9
Let n(r) = -214196*r + 1285181. Determine n(6).
5
Let w(v) = 991*v**2 + 8972*v + 458. What is w(-9)?
-19
Let c(d) = 91*d - 5324. Calculate c(57).
-137
Let j(o) = 2*o**3 + 4*o**2 + 1030*o + 4204. Give j(-4).
20
Let q(v) = 14*v**3 - 179*v**2 - 461*v - 44. Give q(15).
16
Let i(w) = 5*w**2 + 4888*w + 629444. Calculate i(-825).
-31
Let i(d) = -39*d**2 + 722*d - 204. Give i(18).
156
Let w(m) = m**3 - 3648*m**2 + m + 53. Determine w(0).
53
Let a(l) = -47*l**2 - 523*l + 57. Calculate a(-11).
123
Let q(s) = -11*s**3 - 3049*s**2 - 569*s - 4040. Calculate q(-277).
115
Let y(u) = 1681*u + 198415. What is y(-118)?
57
Let b(v) = 938*v - 14161. Give b(14).
-1029
Let z(f) = 65*f**3 + 25*f**2 - 57*f - 74. Give z(3).
1735
Let h(s) = -42*s**2 + 1458*s - 3991. Calculate h(3).
5
Let c(o) = o**3 + 21*o**2 + 268*o + 7251. Calculate c(-23).
29
Let j(m) = -181577*m - 1452613. Determine j(-8).
3
Let f(c) = -883*c + 430029. Calculate f(487).
8
Let j(i) = 2*i**3 - 144*i**2 + 23*i + 8440. What is j(71)?
-9
Let z(q) = -q**2 - 77399*q - 11664444. Give z(-151).
4
Let g(o) = -o**3 + 429*o**2 + 454549*o + 1475. Determine g(-493).
-4
Let y(c) = 2*c**3 + 188*c**2 + 200*c + 1296. Give y(-93).
-6
Let s(q) = -2*q**2 + 758*q + 146632. Calculate s(-141).
-8
Let t(n) = 3*n**2 - 260*n + 5106. Determine t(18).
1398
Let v(u) = -56*u**2 - 362*u - 90. What is v(-8)?
-778
Let l(y) = 2*y**2 + 791*y - 8953. Give l(11).
-10
Let b(f) = 812*f - 18763. Calculate b(23).
-87
Let o(h) = 18160*h + 1616241. Give o(-89).
1
Let r(g) = -1939*g + 1995439. What is r(1029)?
208
Let i(l) = 7*l**3 - 104*l**2 - 16*l - 49. Determine i(15).
-64
Let t(w) = 4*w + 186. Calculate t(-13).
134
Let a(z) = z**3 + 99*z**2 + 446*z + 3995. Give a(-95).
-2275
Let p(f) = -7*f**2 - 175940*f - 703659. Give p(-4).
-11
Let m(w) = 71*w**2 + 2566*w - 7650. Determine m(3).
687
Let w(a) = 3442*a - 113585. Give w(33).
1
Let d(a) = 3*a**2 + 534*a + 5860. Determine d(-167).
349
Let l(h) = 60*h**2 - 736*h - 4419. Determine l(-6).
2157
Let d(i) = 15*i**3 + 2372*i**2 - 1980*i + 13843. Give d(-159).
10
Let i(d) = -2963*d - 1173363. Determine i(-396).
-15
Let v(j) = -33*j**2 - 909*j - 133. Calculate v(-26).
1193
Let g(r) = -9*r**2 - 149*r + 55. Determine g(-17).
-13
Let c(n) = -n**3 + 23*n**2 + 194*n - 1462. Calculate c(28).
50
Let d(q) = -41*q**2 - 184*q - 12. Determine d(-3).
171
Let i(g) = -29456*g + 942851. Give i(32).
259
Let a(b) = 423*b - 1829. What i